t be ((-442)/65)/(2/(-10)). Let s = t + 1. What is the highest common divisor of s and a?
5
Let h be 1682/16 - 26/208. Calculate the highest common factor of h and 70.
35
Let u = 1580 - 808. Suppose -3*l - l = -3*c + u, 2*l - 274 = -c. What is the highest common divisor of c and 33?
33
Let b = -587 - -2185. What is the greatest common divisor of 47 and b?
47
Let o be (-16)/(-184) + (-90)/(-23). What is the highest common divisor of 5 and o?
1
Let o be (36/((-42)/(-7)))/((-1)/(-2)). Let c be 21 + (5 - 3 - -1). Calculate the greatest common factor of o and c.
12
Let m = 65 - 33. Suppose 4*o - 2*o - 3*h = -31, 2*o = 4*h - m. Let b be 4/o + (-185)/(-35). Calculate the greatest common divisor of b and 25.
5
Suppose -2*j + w - 22 = 8, -2*j - 30 = 5*w. Let t(m) = m**2 + 6*m - 18. Let a be t(j). Calculate the greatest common divisor of a and 13.
13
Let g(n) = 15*n - 33. Let m be g(3). What is the greatest common factor of 84 and m?
12
Let y(c) = 7*c - 12. Let i be y(8). What is the highest common divisor of 77 and i?
11
Suppose -u - 5*t - 9 = 0, -6*u + 3*u = -4*t - 30. Suppose 2*p - u*p = x - 11, -2*p - 75 = -3*x. Calculate the greatest common factor of x and 23.
23
Let v(y) = 29*y**2 + y. Let o(d) = -d**2 - d + 3. Let n be o(-3). Let r be (1 + 0 - n) + -3. Let j be v(r). Calculate the highest common divisor of j and 6.
6
Let w = 716 - 496. Calculate the greatest common divisor of w and 10.
10
Suppose 0 = l + 3*l. Suppose -q - q + 14 = l. Suppose -15*c + 735 = 6*c. What is the greatest common divisor of q and c?
7
Let f = 336 - 161. Suppose 14*l - 25 = 13*l. Calculate the highest common divisor of f and l.
25
Let m(i) = -i**3 + 7*i**2 - 2*i + 4. Suppose -1 = -b + 5. Let r be m(b). Suppose 0 = 8*l + 8 - 40. Calculate the highest common divisor of l and r.
4
Let v be (-132)/(4*-1) + 6/(-3). Suppose -9 = -5*y + v. What is the highest common divisor of 16 and y?
8
Let c be (-6)/(-4) - 871/(-26). Suppose 4*q - 9 - 47 = 0. What is the greatest common factor of c and q?
7
Let m(u) = 67*u - 69. Let f be m(3). Calculate the highest common factor of 48 and f.
12
Suppose 5*v - 6*v = 4*o - 110, 5*v = 4*o - 122. Suppose 4*q = 3*t + 41, -3*t + 8 = 2*q - 35. Calculate the greatest common factor of q and o.
14
Suppose 2*w = -5*t + 68, 0*t = -2*t. Let a(n) = -4*n + 1. Let x be a(-4). What is the highest common factor of x and w?
17
Let x = -13 - -31. Let a be (-1 + 17/3)*x/7. Let s = -53 - -137. What is the highest common divisor of a and s?
12
Let m(y) = 64*y**2 - 2*y + 3. Let z be m(1). Calculate the highest common factor of 13 and z.
13
Let u(c) = 14*c. Let s = 22 - 19. Let x be u(s). Let z = 9 - 3. What is the highest common factor of x and z?
6
Suppose 12*j = 17*j - 150. What is the highest common divisor of j and 70?
10
Suppose 5*x - 98 = 5*j + 867, -4*j - 392 = -2*x. Calculate the highest common factor of 76 and x.
38
Let q be -2*3*(8/6 + -3). Let c be 106/10 + (12/q)/(-2). What is the greatest common factor of c and 20?
10
Suppose 0 = -3*f - 6*s + 2*s + 59, -2*f = 2*s - 42. Let r be ((-55)/4)/(1/(-20)). Calculate the greatest common factor of f and r.
25
Let r = -47 + 119. Let l = r + -67. What is the greatest common divisor of l and 5?
5
Let h = 27 - 12. Suppose -3*z + 2730 = 3*z. Let o = z - 320. Calculate the highest common factor of o and h.
15
Let l = 678 + 1292. What is the highest common factor of l and 20?
10
Let w = 122 + -92. What is the highest common divisor of w and 78?
6
Suppose -15 = -5*t - 5*a, 3*t = -19*a + 24*a + 9. Let x be (-102)/(-14) + (-4)/14. Suppose -t*r = -14 - x. Calculate the highest common divisor of 35 and r.
7
Suppose 31 + 25 = 4*c. Let b be 130/c - 38/133. What is the greatest common divisor of b and 6?
3
Let m(n) = -225*n + 119. Let x be m(-1). Let v be (-88)/(-2) - (-2)/(-2). What is the highest common factor of v and x?
43
Suppose -34*u = -1887 - 3281. What is the greatest common factor of 494 and u?
38
Let d(a) = -282*a + 26. Let b be d(-1). Let n be 2/(-1)*-1 - -26. Calculate the greatest common factor of b and n.
28
Suppose -130 = -6*a - 58. What is the highest common factor of 52 and a?
4
Suppose 27*n - 14120 = 5131. Calculate the highest common divisor of n and 31.
31
Suppose 1 = g - 2. Let h(n) = 2*n**2 - 54*n + 322. Let j be h(19). Calculate the greatest common divisor of j and g.
3
Suppose 8 = 2*t - 10. Let o(y) = -14*y + 678. Let k be o(42). Calculate the greatest common factor of t and k.
9
Suppose 1823*f - 1824*f + 39 = 0. Calculate the greatest common factor of 9 and f.
3
Let n = -2671 - -2689. Calculate the highest common divisor of n and 18.
18
Let k = -14 - -20. Suppose 0 = -s + k - 4. Suppose -h + 0 = -s, 3*o + 3*h = 24. What is the greatest common factor of 3 and o?
3
Let c be 9/((-1 - 3)/(-84)). What is the highest common factor of c and 7?
7
Let h be 13/(-2)*(-73 - -53). What is the greatest common factor of 208 and h?
26
Let p(s) = 4*s + 75. Let k be p(-15). What is the greatest common factor of k and 45?
15
Let h(v) = -v**2 + 9*v - 9. Let p be h(7). Suppose 41 = -p*u + 11. Let i be -7*-2*u/(-7). What is the highest common divisor of 18 and i?
6
Let d(h) = 19*h + 91. Let s be d(-4). Let r be (3 - -30)*10/2. Calculate the highest common factor of r and s.
15
Let p be 4 - -2 - (-7*16)/8. What is the highest common divisor of 100 and p?
20
Let l be ((-238)/35)/(5/(-75)). What is the greatest common divisor of 68 and l?
34
Suppose 3*c + 18*d - 161 = 13*d, 3*c - 3*d = 201. What is the highest common factor of 2 and c?
2
Let o(v) = v**2 - v. Let c be o(3). Suppose 57 = 2*k + 1. Let i = k - 10. Calculate the highest common divisor of c and i.
6
Let o be 3 - (6 + 1)*1. Let t = 8 + 12. Let i = o + t. What is the greatest common divisor of i and 2?
2
Suppose -2*h + 6 = -8. Suppose -5*g + 328 = -h. Let f = g - 19. What is the highest common factor of f and 6?
6
Let j(t) = t + 8. Let f be j(-6). Suppose 5*l - 471 = -f*u + 419, 5*l - 880 = -4*u. Let r be 12/(-8)*l/(-3). What is the greatest common factor of 10 and r?
10
Let u = -23 + 28. Suppose u*p - 49 = -4*j, -3*p - p - 5*j + 32 = 0. Calculate the greatest common factor of p and 117.
13
Let l be ((40 - -2)/3)/((-14)/(-77)). Calculate the highest common factor of l and 33.
11
Let s be 3 - 18/24*-4 - -94. Calculate the highest common factor of 130 and s.
10
Suppose 6*r - 3*r - 12 = 0. Suppose 87 = h + 2*h - 2*x, 12 = -r*x. Calculate the highest common factor of h and 3.
3
Suppose -128*t = -122*t - 384. What is the greatest common factor of t and 224?
32
Let s be 229/7 + 22/77. Let c = -562 - -727. Calculate the highest common factor of c and s.
33
Let a(n) = n**3 - 16*n**2 - 35*n - 9. Let x be a(18). Suppose 5*j = -m - m + 716, j + m = 142. What is the greatest common factor of x and j?
9
Suppose -c - 90 = -5*w + 3*c, w = -3*c - 1. Calculate the highest common divisor of 126 and w.
14
Let d(x) = 10*x - 4*x**2 + 2 + 7 - 7*x**2 - x**3. Let z be d(-12). Let s = 22 + -19. Calculate the highest common divisor of s and z.
3
Suppose -5*d + 4*q - 366 = 0, 4*q - 9 = 7. Let n be (d/21)/((-4)/54). What is the highest common divisor of n and 5?
5
Suppose 16*i - 44 = 20*i. Let v(x) = -x**3 - 10*x**2 + 17*x + 11. Let z be v(i). Let k be 11/z - 142/(-10). What is the highest common divisor of k and 56?
14
Let p(f) = f + 1. Let m be p(-8). Let u = 10 + m. Suppose u*h = -h + 24. What is the greatest common divisor of 9 and h?
3
Let t(z) = -z**2 - 12*z - 6. Let o be t(-11). Let y = -490 + 500. What is the greatest common divisor of y and o?
5
Let q be (-6)/45 - (-188)/60. Suppose -2*u + q = -7. What is the greatest common divisor of u and 35?
5
Let x = -229 + 261. What is the greatest common factor of 64 and x?
32
Let u = 55 + -33. Let v(s) = s**2 + 1. Let t be v(1). Let y be u - (t - 2)/(-2). What is the greatest common factor of 154 and y?
22
Suppose -1 = 3*p + 5, 2*p + 10 = 3*y. Suppose -y*o - 5*i + 46 = -6*i, 0 = -5*o - 3*i + 137. Calculate the greatest common factor of o and 50.
25
Let h = -755 - -929. What is the greatest common factor of h and 6?
6
Suppose 0 = -144*d + 169*d - 12400. Calculate the greatest common factor of d and 186.
62
Suppose -6*t + 270 = -0*t. Suppose 18*m = 21*m - t. Calculate the greatest common divisor of 120 and m.
15
Let p(z) = 3*z - 9. Let q be p(2